{"id":1977,"date":"2021-03-11T01:41:43","date_gmt":"2021-03-11T07:41:43","guid":{"rendered":"https:\/\/formasfinas.mx\/celebra\/?post_type=product&#038;p=1977"},"modified":"2021-04-13T14:49:43","modified_gmt":"2021-04-13T19:49:43","slug":"experiencia-regalo-con-show-de-30-minutos","status":"publish","type":"product","link":"https:\/\/deepcontents.online\/demos\/celebra\/producto\/experiencia-regalo-con-show-de-30-minutos\/","title":{"rendered":"Experiencia Regalo con show de 30 minutos"},"content":{"rendered":"\r\n<h3>Experiencia para Parejas Incluye:<\/h3>\r\n<p><b>Hasta 25 conexiones diferentes de invitados.<\/b><\/p>\r\n<ul>\r\n<li><strong>30 <\/strong>minutos de Show en l\u00ednea.<\/li>\r\n<li><strong>1<\/strong> cuenta de acceso a plataforma hasta para 25 conexiones de invitados.<\/li>\r\n<\/ul>\r\n<p>(hasta 25 dispositivos).<\/p>\r\n<p>&nbsp;<\/p>\r\n<p>Edici\u00f3n de felicitaci\u00f3n. Graba a tus familiares y amigos felicitando al festejado, nosotros lo editamos.<\/p>\r\n<p>Los videos de felicitaci\u00f3n previamente grabados por los familiares o amigos se recibir\u00e1n hasta 72 horas antes de la fecha contratada para la edici\u00f3n por medio del servicio que te indiquemos al contactarte para confirmar tu evento.<\/p>\r\n<p>&nbsp;<\/p>\r\n<h4>Perfecto para regalar una inigualable experiencia con un regalo especial.<\/h4>\r\n<p>Disfrutar de una sorpresa regalado una presentaci\u00f3n musical y compartir el momento a tu pareja, familia o amigos con dedicatoria.<\/p>\r\n<p>&nbsp;<\/p>\r\n<h3 style=\"text-align: left;\">Con<strong> Mi Celebraci\u00f3n <\/strong>tendr\u00e1s <strong>\u00a1Una experiencia muy divertida! con sana distancia, f\u00e1cil y seguro.<\/strong><\/h3>\r\n<p>&nbsp;<\/p>\r\n<ol>\r\n<li>Para apartar la fecha y el talento, necesitas realizar la compra por el 100% del precio indicado.<\/li>\r\n<li>Una vez hecho el pago nos pondremos en contacto contigo para organizar tu celebraci\u00f3n.<\/li>\r\n<\/ol>\r\n<p>&nbsp;<\/p>\r\n<p>Esta experiencia incluye \u00fanicamente el show de 30 minutos.<\/p>\r\n","protected":false},"excerpt":{"rendered":"<p><strong>Horario disponible de 6:00 pm a 11:00 pm.<\/strong><\/p>\n<p>Te contactaremos lo antes posible una vez que realices la compra para confirmar la hora disponible.<\/p>\n<p><strong>Selecciona el bot\u00f3n <span style=\"color: #00ffff;\">\u00abIniciar\u00bb<\/span>, y de esta forma puedas indicar la fecha de la celebraci\u00f3n.<\/strong><\/p>\n<p>Las fechas NO disponibles se encontrar\u00e1n desactivadas.<\/p>\n","protected":false},"featured_media":1829,"comment_status":"closed","ping_status":"closed","template":"","meta":{"neve_meta_sidebar":"","neve_meta_container":"","neve_meta_enable_content_width":"off","neve_meta_content_width":0,"neve_meta_title_alignment":"","neve_meta_author_avatar":"","neve_post_elements_order":"","neve_meta_disable_header":"","neve_meta_disable_footer":"","neve_meta_disable_title":"","_themeisle_gutenberg_block_has_review":false},"product_brand":[],"product_cat":[36],"product_tag":[],"class_list":{"0":"post-1977","1":"product","2":"type-product","3":"status-publish","4":"has-post-thumbnail","6":"product_cat-sin-categorizar","8":"first","9":"instock","10":"virtual","11":"sold-individually","12":"taxable","13":"purchasable","14":"product-type-simple"},"_links":{"self":[{"href":"https:\/\/deepcontents.online\/demos\/celebra\/wp-json\/wp\/v2\/product\/1977","targetHints":{"allow":["GET"]}}],"collection":[{"href":"https:\/\/deepcontents.online\/demos\/celebra\/wp-json\/wp\/v2\/product"}],"about":[{"href":"https:\/\/deepcontents.online\/demos\/celebra\/wp-json\/wp\/v2\/types\/product"}],"replies":[{"embeddable":true,"href":"https:\/\/deepcontents.online\/demos\/celebra\/wp-json\/wp\/v2\/comments?post=1977"}],"wp:featuredmedia":[{"embeddable":true,"href":"https:\/\/deepcontents.online\/demos\/celebra\/wp-json\/wp\/v2\/media\/1829"}],"wp:attachment":[{"href":"https:\/\/deepcontents.online\/demos\/celebra\/wp-json\/wp\/v2\/media?parent=1977"}],"wp:term":[{"taxonomy":"product_brand","embeddable":true,"href":"https:\/\/deepcontents.online\/demos\/celebra\/wp-json\/wp\/v2\/product_brand?post=1977"},{"taxonomy":"product_cat","embeddable":true,"href":"https:\/\/deepcontents.online\/demos\/celebra\/wp-json\/wp\/v2\/product_cat?post=1977"},{"taxonomy":"product_tag","embeddable":true,"href":"https:\/\/deepcontents.online\/demos\/celebra\/wp-json\/wp\/v2\/product_tag?post=1977"}],"curies":[{"name":"wp","href":"https:\/\/api.w.org\/{rel}","templated":true}]}}