{"id":713,"date":"2024-02-28T12:39:26","date_gmt":"2024-02-28T18:39:26","guid":{"rendered":"https:\/\/rcaaanoticias.com\/?page_id=713"},"modified":"2024-03-01T20:53:30","modified_gmt":"2024-03-02T02:53:30","slug":"aviso-legal","status":"publish","type":"page","link":"https:\/\/deepcontents.online\/demos\/noticias\/index.php\/aviso-legal\/","title":{"rendered":"Aviso Legal"},"content":{"rendered":"\t\t<div data-elementor-type=\"wp-page\" data-elementor-id=\"713\" class=\"elementor elementor-713\" data-elementor-post-type=\"page\">\n\t\t\t\t<div class=\"elementor-element elementor-element-775f6be e-flex e-con-boxed e-con e-parent\" data-id=\"775f6be\" data-element_type=\"container\" data-e-type=\"container\">\n\t\t\t\t\t<div class=\"e-con-inner\">\n\t\t\t\t<div class=\"elementor-element elementor-element-f278a57 elementor-widget elementor-widget-text-editor\" data-id=\"f278a57\" data-element_type=\"widget\" data-e-type=\"widget\" data-widget_type=\"text-editor.default\">\n\t\t\t\t<div class=\"elementor-widget-container\">\n\t\t\t\t\t\t\t\t\t<h2>Aviso Legal<\/h2><h5>T\u00c9RMINOS Y CONDICIONES<\/h5><p>T\u00e9rminos y condiciones para el uso de los servicios ofrecidos por RCAAA Noticias. Se recomienda al usuario revisar peri\u00f3dicamente estos t\u00e9rminos y Condiciones Generales ya que RCAAA Noticias en cualquier momento puede modificarlos, seg\u00fan lo considere necesario.<\/p><p>RCAAA Noticias es una empresa dedicada a prestar servicios de comunicaci\u00f3n por medio de su plataforma digital , mismo que brinda informaci\u00f3n de pol\u00edtica, deporte, econom\u00eda, estilo de vida, entretenimiento y temas internacionales.<\/p><p>El presente documento contiene los T\u00e9rminos y Condiciones Generales para el Uso de Medios Electr\u00f3nicos y\/o portales de Internet y\/o app (en lo sucesivo \u201cplataforma digital\u201d), aplicables a las operaciones, contenidos, servicios y productos que se ofrecen a trav\u00e9s del portal de internet https:\/\/rcaaanoticias.com (en lo sucesivo \u201csitio web\u201d) y dem\u00e1s portales y app de los cuales RCAAA Noticias sea propietario.<\/p><p>Cualquier persona (en lo sucesivo USUARIO) que desee acceder o hacer uso del sitio web y\/o de cualquier plataforma digital propiedad de RCAAA Noticias lo har\u00e1 de forma libre y voluntaria, por lo que tendr\u00e1 la obligaci\u00f3n de sujetarse al cumplimiento de los presentes T\u00e9rminos y Condiciones y\/o cualquier otra pol\u00edtica o aviso plasmado en los mismos, entendi\u00e9ndose que las acepta al momento de acceder y navegar por ellos. En todo caso, si el USUARIO no est\u00e1 de acuerdo en quedar obligado por los presentes T\u00e9rminos y Condiciones, deber\u00e1 abandonar de inmediato el sitio web, o la plataforma digital de que se trate, absteni\u00e9ndose de utilizarlo.<\/p><p>RCAAA Noticias no responde de la exactitud o credibilidad de ning\u00fan contenido de su plataforma digital, y no se hace responsable en modo alguno de ninguna de las acciones que usted pueda llevar a cabo como resultado de la lectura de contenido publicado en el sitio web o en cualquier plataforma digital propiedad de RCAAA Noticias.<\/p><p>El USUARIO ser\u00e1 quien descargue las plataformas digitales RCAAA Noticias, administradas por RCAAA Noticias, para los eventos que este promocione, y conoce adem\u00e1s que la referida empresa no tiene ning\u00fan tipo de obligaci\u00f3n relacionadas a los eventos que se promocionen, publicidad o cualquier otro contenido frente al cual RCAAA Noticias carece de responsabilidad alguna, ya que no act\u00faa directamente.<\/p><p>Todo USUARIO que tenga menos de 18 a\u00f1os de edad solamente podr\u00e1 efectuar su registro en nuestra plataforma digital con la supervisi\u00f3n de un adulto, quien ser\u00e1 responsable en la esfera civil por lo realizado por el menor en nuestra plataforma digital. (NO APLICA PERO PUEDE USARSE EN EL FUTURO).<\/p><h5>1. T\u00c9RMINOS Y CONDICIONES GENERALES.<\/h5><p>1.1 Al accesar las plataformas digitales LATINUS, el USUARIO acepta autom\u00e1ticamente todos nuestros t\u00e9rminos y condiciones de uso explicados en la presente. En caso contrario, el USUARIO inconforme no deber\u00e1 realizar ning\u00fan tipo de acceso de las plataformas digitales.<\/p><p>1.2 RCAAA Noticias no garantiza que su contenido sea apropiado para todas las sensibilidades o est\u00e9 disponible para otras localidades fuera del territorio mexicano. Tambi\u00e9n est\u00e1 exento de todo tipo de responsabilidad al acceder a nuestra p\u00e1gina desde territorios donde el contenido sea ilegal, recayendo la responsabilidad de utilizarlo en el USUARIO.<\/p><p>1.3 Al acceder a https:\/\/rcaaanoticias.com, el USUARIO, reconoce y acepta que su uso est\u00e1 regido por el ordenamiento jur\u00eddico de los Estados Unidos Mexicanos.<\/p><p>1.4 La informaci\u00f3n sobre los servicios que brinda la empresa est\u00e1 organizada en nuestra plataforma digital en los idiomas espa\u00f1ol e ingl\u00e9s, a todos sus efectos.<\/p><p>1.5 El acceso a nuestra plataforma digital es privado y restringido, siendo prohibido su uso comercial con fines de lucro para terceras personas no autorizadas. Tambi\u00e9n est\u00e1 prohibido y protegido mediante la ley cualquier uso de nuestro software o sistema para extraer datos de nuestra plataforma digital con el fin de ser exhibidos en cualquier otra parte del mundo sin el consentimiento expreso y mediante escrito de RCAAA Noticias.<\/p><p>1.6 Asimismo, la empresa RCAAA Noticias es libre de toda responsabilidad por cualquier error o retraso en suprimir cualquier tipo de contenido inadecuado, ilegal o censurable que provenga de un proveedor o tercero a trav\u00e9s de nuestra p\u00e1gina. El equipo de trabajo de la empresa puede alterar o modificar, en cualquier momento y sin aviso, el contenido y funciones de nuestra plataforma digital.<\/p><p>1.7 RCAAA Noticias puede en cualquier momento alterar este instrumento en busca de mejorar nuestro servicio y atenci\u00f3n al \u201cUSUARIO. El nuevo documento de contrato entrar\u00eda en vigor sin afectar lo estipulado mediante el contrato anterior. Asimismo, RCAAA Noticias recomienda a el USUARIO leer con atenci\u00f3n los t\u00e9rminos y condiciones antes de acceder a nuestra plataforma digital o realizar cualquier tipo de operaci\u00f3n por medio de la misma.<\/p><p>1.8 RCAAA Noticias tomar\u00e1 todas las medidas posibles para mantener la confidencialidad, seguridad y sigilo de todas las informaciones del USUARIO; sin embargo, no responder\u00e1 por da\u00f1os y perjuicios que sean realizados por la violaci\u00f3n de estas medidas provenientes de terceras personas que utilicen la red p\u00fablica o Internet y violen los mecanismos de seguridad para acceder a informaciones de los USUARIOS.<\/p><p>1.9 El Aviso de Privacidad que se encuentran en nuestra p\u00e1gina contiene la informaci\u00f3n relativa para asegurar que todos los datos de nuestros USUARIOS se encuentren protegidos.<\/p><p>1.10 RCAAA Noticias no se responsabiliza por cualquier da\u00f1o, perjuicio o p\u00e9rdida sufrida por el USUARIO causados por fallas en el sistema o en Internet ocasionados por terceros, ni por cualquier otro tipo de situaciones de caso fortuito o fuerza mayor, ajenas a nuestro control.<\/p><p>1.11 RCAAA Noticias no se hace responsable de ning\u00fan costo, da\u00f1o o perjuicio que se ocasione por cancelaci\u00f3n o aplazamiento de los eventos promocionados en la plataforma digital pues toda la responsabilidad estar\u00e1 a cargo de los organizadores y operadores del mismo, seg\u00fan los t\u00e9rminos y condiciones aceptados por estos.<\/p><p>1.12 El Servicio y la Plataforma Digital se sujetan al arbitraje individual, renunciando tanto a arbitrajes colectivos como a las demandas colectivas. RCAAA Noticias y el USUARIO aceptan arbitrar todas las disputas y reclamos que se originen, excepto los reclamos que surtan de los derechos de propiedad intelectual los cuales se resolver\u00e1n en los tribunales competentes.<\/p><h5>2. SOBRE LA PROPIEDAD INTELECTUAL.<\/h5><p>2.1 El USUARIO est\u00e1 de acuerdo en que tanto la plataforma digital, como los logos, marcas, insignias, fotos, descripciones, textos o cualquier otro tipo de materiales incluidos, son propiedad de la empresa RCAAA Noticias, al ser derechos protegidos por la legislaci\u00f3n nacional e internacional sobre la propiedad intelectual.<\/p><p>2.2 Est\u00e1 expresamente prohibido para el USUARIO la reproducci\u00f3n, distribuci\u00f3n, modificaci\u00f3n, exhibici\u00f3n, o creaci\u00f3n de cualquier trabajo que incluya el uso de contenidos presentes o futuros difundidos por medio de nuestra plataforma digital, al ser considerados propiedad de la empresa. El contenido de la Plataforma Digital no puede ser copiado, reproducido, publicado, enviado, transmitido, transcrito, traducido, almacenado, alterado, descargado o distribuido en ning\u00fan medio inventado o por inventar, por ning\u00fan motivo o raz\u00f3n.<\/p><p>2.3. RCAAA Noticias se reserva el derecho de suspender el acceso a la Plataforma Digital a cualquier USUARIO que haya infringido los derechos de autor o de propiedad intelectual de RCAAA Noticias o de terceros.<\/p><p>2.4 Respecto de los \u201clinks\u201d de acceso a otras p\u00e1ginas, recomendamos a los USUARIOS consultar las Pol\u00edticas de Uso y T\u00e9rminos de Privacidad de los sitios visitados. Nuestra empresa no controla ni representa a las empresas que tienen un link en nuestra plataforma digital.<\/p><p>RCAAA Noticias pone a la disposici\u00f3n del USUARIO estos links para mayor comodidad y opciones de entretenimiento. Sin embargo, no nos responsabilizamos por cualquier tipo de problema originado en nuestra plataforma digital, los cuales deben ser resueltos con los propietarios de aquellas empresas sin la participaci\u00f3n de RCAAA Noticias en el proceso.<\/p><p>2.5 Cualquier alteraci\u00f3n indebida de informaci\u00f3n o datos, violaci\u00f3n de derechos de propiedad industrial o derechos de autor, o violaci\u00f3n de derechos de terceras personas, env\u00edo de mensajes amenazadores, racistas o de contenido pornogr\u00e1fico o inadecuado que intenten interferir o interrumpir el servicio brindado por la p\u00e1gina, as\u00ed como propagaci\u00f3n de virus o programas indeseados, tendr\u00e1n como resultado la terminaci\u00f3n de relaci\u00f3n entre la empresa RCAAA Noticias y el USUARIO.<\/p><p>De acuerdo con lo establecido por las cl\u00e1usulas antes mencionadas, el USUARIO est\u00e1 conforme con que todo tipo de informaci\u00f3n transmitida, respuestas a preguntas, inclusive aquellas que son excluidas de la p\u00e1gina sin comunicaci\u00f3n previa al USUARIO seg\u00fan los criterios de RCAAA Noticias, tendr\u00e1 una copia en nuestros archivos para cualquier tipo de acci\u00f3n legal.<\/p><p>Esta disposici\u00f3n pretende proteger los intereses del USUARIO, as\u00ed como de la sociedad sin olvido de los riesgos relacionados a pr\u00e1cticas ilegales o contrarias a los usos y costumbres locales.<\/p><p>En caso de alguna duda al respecto del contenido explicado, favor de escribir a<\/p><p>RCAAA Noticias al siguiente correo electr\u00f3nico investigaciones@latinus.us.<\/p><h5>3. CANALES OFICIALES DE RCAAA Noticias<\/h5><p>Los \u00fanicos canales oficiales de RCAAA Noticias son: nuestra plataforma digital, la p\u00e1gina web https:\/\/rcaaanoticias.com, as\u00ed como las redes sociales.<\/p><p>IMPORTANTE: La informaci\u00f3n publicada a trav\u00e9s de redes sociales, por ejemplo, por X (Twitter) o Facebook entre otras, podr\u00edan ser FRAUDE, por lo que RCAAA Noticias no se responsabiliza por compras adquiridas a trav\u00e9s de estas v\u00edas, ya que estos medios s\u00f3lo son utilizados para brindar informaci\u00f3n y\/o contenido informativo a nuestros USUARIOS.<\/p><p>\u00a9 2024 RCAAA Noticias Todos los derechos reservados.<\/p>\t\t\t\t\t\t\t\t<\/div>\n\t\t\t\t<\/div>\n\t\t\t\t<div class=\"elementor-element elementor-element-09843a1 elementor-widget elementor-widget-spacer\" data-id=\"09843a1\" data-element_type=\"widget\" data-e-type=\"widget\" data-widget_type=\"spacer.default\">\n\t\t\t\t<div class=\"elementor-widget-container\">\n\t\t\t\t\t\t\t<div class=\"elementor-spacer\">\n\t\t\t<div class=\"elementor-spacer-inner\"><\/div>\n\t\t<\/div>\n\t\t\t\t\t\t<\/div>\n\t\t\t\t<\/div>\n\t\t\t\t\t<\/div>\n\t\t\t\t<\/div>\n\t\t\t\t<\/div>\n\t\t","protected":false},"excerpt":{"rendered":"<p>Aviso Legal T\u00c9RMINOS Y CONDICIONES T\u00e9rminos y condiciones para el uso de los servicios ofrecidos por RCAAA Noticias. Se recomienda al usuario revisar peri\u00f3dicamente estos t\u00e9rminos y Condiciones Generales ya que RCAAA Noticias en cualquier momento puede modificarlos, seg\u00fan lo considere necesario. RCAAA Noticias es una empresa dedicada a prestar servicios de comunicaci\u00f3n por medio [&hellip;]<\/p>\n","protected":false},"author":1,"featured_media":80,"parent":0,"menu_order":0,"comment_status":"closed","ping_status":"closed","template":"elementor_canvas","meta":{"footnotes":""},"class_list":["post-713","page","type-page","status-publish","has-post-thumbnail","hentry"],"rttpg_featured_image_url":{"full":["https:\/\/deepcontents.online\/demos\/noticias\/wp-content\/uploads\/2024\/02\/logo-rcaaan-e1708715412340.png",359,162,false],"landscape":["https:\/\/deepcontents.online\/demos\/noticias\/wp-content\/uploads\/2024\/02\/logo-rcaaan-e1708715412340.png",359,162,false],"portraits":["https:\/\/deepcontents.online\/demos\/noticias\/wp-content\/uploads\/2024\/02\/logo-rcaaan-e1708715412340.png",359,162,false],"thumbnail":["https:\/\/deepcontents.online\/demos\/noticias\/wp-content\/uploads\/2024\/02\/logo-rcaaan-e1708715412340-150x150.png",150,150,true],"medium":["https:\/\/deepcontents.online\/demos\/noticias\/wp-content\/uploads\/2024\/02\/logo-rcaaan-e1708715412340-300x135.png",300,135,true],"large":["https:\/\/deepcontents.online\/demos\/noticias\/wp-content\/uploads\/2024\/02\/logo-rcaaan-e1708715412340.png",359,162,false],"1536x1536":["https:\/\/deepcontents.online\/demos\/noticias\/wp-content\/uploads\/2024\/02\/logo-rcaaan-e1708715412340.png",359,162,false],"2048x2048":["https:\/\/deepcontents.online\/demos\/noticias\/wp-content\/uploads\/2024\/02\/logo-rcaaan-e1708715412340.png",359,162,false]},"rttpg_author":{"display_name":"Deepso","author_link":"https:\/\/deepcontents.online\/demos\/noticias\/index.php\/author\/deep\/"},"rttpg_comment":0,"rttpg_category":null,"rttpg_excerpt":"Aviso Legal T\u00c9RMINOS Y CONDICIONES T\u00e9rminos y condiciones para el uso de los servicios ofrecidos por RCAAA Noticias. Se recomienda al usuario revisar peri\u00f3dicamente estos t\u00e9rminos y Condiciones Generales ya que RCAAA Noticias en cualquier momento puede modificarlos, seg\u00fan lo considere necesario. RCAAA Noticias es una empresa dedicada a prestar servicios de comunicaci\u00f3n por medio&hellip;","_links":{"self":[{"href":"https:\/\/deepcontents.online\/demos\/noticias\/index.php\/wp-json\/wp\/v2\/pages\/713","targetHints":{"allow":["GET"]}}],"collection":[{"href":"https:\/\/deepcontents.online\/demos\/noticias\/index.php\/wp-json\/wp\/v2\/pages"}],"about":[{"href":"https:\/\/deepcontents.online\/demos\/noticias\/index.php\/wp-json\/wp\/v2\/types\/page"}],"author":[{"embeddable":true,"href":"https:\/\/deepcontents.online\/demos\/noticias\/index.php\/wp-json\/wp\/v2\/users\/1"}],"replies":[{"embeddable":true,"href":"https:\/\/deepcontents.online\/demos\/noticias\/index.php\/wp-json\/wp\/v2\/comments?post=713"}],"version-history":[{"count":16,"href":"https:\/\/deepcontents.online\/demos\/noticias\/index.php\/wp-json\/wp\/v2\/pages\/713\/revisions"}],"predecessor-version":[{"id":770,"href":"https:\/\/deepcontents.online\/demos\/noticias\/index.php\/wp-json\/wp\/v2\/pages\/713\/revisions\/770"}],"wp:featuredmedia":[{"embeddable":true,"href":"https:\/\/deepcontents.online\/demos\/noticias\/index.php\/wp-json\/wp\/v2\/media\/80"}],"wp:attachment":[{"href":"https:\/\/deepcontents.online\/demos\/noticias\/index.php\/wp-json\/wp\/v2\/media?parent=713"}],"curies":[{"name":"wp","href":"https:\/\/api.w.org\/{rel}","templated":true}]}}