{"id":725,"date":"2024-02-28T13:09:33","date_gmt":"2024-02-28T19:09:33","guid":{"rendered":"https:\/\/rcaaanoticias.com\/?page_id=725"},"modified":"2024-03-01T20:53:42","modified_gmt":"2024-03-02T02:53:42","slug":"elementor-725","status":"publish","type":"page","link":"https:\/\/deepcontents.online\/demos\/noticias\/index.php\/elementor-725\/","title":{"rendered":"T\u00c9RMINOS Y CONDICIONES DE USO DEL SITIO WEB"},"content":{"rendered":"\t\t<div data-elementor-type=\"wp-page\" data-elementor-id=\"725\" class=\"elementor elementor-725\" data-elementor-post-type=\"page\">\n\t\t\t\t<div class=\"elementor-element elementor-element-a3b555c e-flex e-con-boxed e-con e-parent\" data-id=\"a3b555c\" data-element_type=\"container\" data-e-type=\"container\">\n\t\t\t\t\t<div class=\"e-con-inner\">\n\t\t\t\t<div class=\"elementor-element elementor-element-b0041ae elementor-widget elementor-widget-heading\" data-id=\"b0041ae\" data-element_type=\"widget\" data-e-type=\"widget\" data-widget_type=\"heading.default\">\n\t\t\t\t<div class=\"elementor-widget-container\">\n\t\t\t\t\t<h2 class=\"elementor-heading-title elementor-size-default\">T\u00c9RMINOS Y CONDICIONES DE USO DE SITIO WEB<\/h2>\t\t\t\t<\/div>\n\t\t\t\t<\/div>\n\t\t\t\t\t<\/div>\n\t\t\t\t<\/div>\n\t\t<div class=\"elementor-element elementor-element-1ead9ab e-flex e-con-boxed e-con e-parent\" data-id=\"1ead9ab\" data-element_type=\"container\" data-e-type=\"container\">\n\t\t\t\t\t<div class=\"e-con-inner\">\n\t\t\t\t<div class=\"elementor-element elementor-element-1de5742 elementor-widget elementor-widget-text-editor\" data-id=\"1de5742\" data-element_type=\"widget\" data-e-type=\"widget\" data-widget_type=\"text-editor.default\">\n\t\t\t\t<div class=\"elementor-widget-container\">\n\t\t\t\t\t\t\t\t\t<p>Estos T\u00e9rminos y Condiciones regulan el acceso y utilizaci\u00f3n del sitio web (en adelante, la \u201cPLATAFORMA\u201d), que \u201cRCAAA Noticias\u201d ponen a disposici\u00f3n de los usuarios.<br \/>Esta versi\u00f3n de la PLATAFORMA est\u00e1 disponible de forma gratuita.<br \/>El acceso a la PLATAFORMA supone que el usuario reconoce ha aceptado y consentido sin reservas de las presentes condiciones de uso.<\/p><h3><br \/>OBJETO<\/h3><p>La PLATAFORMA tiene el objetivo generar y distribuir contenido de alto valor para las audiencias de habla hispana.<br \/>La PLATAFORMA se pone a disposici\u00f3n de los usuarios para su uso personal (nunca empresarial).<\/p><h3>DERECHOS DE PROPIEDAD INTELECTUAL E INDUSTRIAL<\/h3><p>Los derechos de propiedad intelectual e industrial sobre la PLATAFORMA son titularidad de \u201cRCAAA Noticias\u201d, correspondi\u00e9ndole el ejercicio exclusivo de los derechos de explotaci\u00f3n de los mismos en cualquier forma y, en especial, los derechos de reproducci\u00f3n, distribuci\u00f3n, comunicaci\u00f3n p\u00fablica y transformaci\u00f3n.<\/p><p><br \/>Los terceros titulares de derechos de propiedad intelectual e industrial sobre fotograf\u00edas, logotipos, y cualesquiera otros s\u00edmbolos o contenidos incluidos en la PLATAFORMA han concedido las correspondientes autorizaciones para su reproducci\u00f3n, distribuci\u00f3n y puesta a disposici\u00f3n del p\u00fablico.<\/p><p><br \/>El usuario reconoce que la reproducci\u00f3n, modificaci\u00f3n, distribuci\u00f3n, comercializaci\u00f3n, descompilaci\u00f3n, desensamblado, utilizaci\u00f3n de t\u00e9cnicas de ingenier\u00eda inversa o de cualquier otro medio para obtener el c\u00f3digo fuente, transformaci\u00f3n o publicaci\u00f3n de cualquier resultado de pruebas de referencias no autorizadas de cualquiera de los elementos y utilidades integradas dentro del desarrollo constituye una infracci\u00f3n de los derechos de propiedad intelectual de \u201cRCAAA Noticias\u201d,\u00a0 oblig\u00e1ndose, en consecuencia, a no realizar ninguna de las acciones mencionadas.<\/p><h3><br \/>EXCLUSI\u00d3N DE RESPONSABILIDAD<\/h3><p><br \/>\u201cRCAAA Noticias\u201d se reserva el derecho de editar, actualizar, modificar, suspender, eliminar o finalizar los servicios ofrecidos por la PLATAFORMA, incluyendo todo o parte de su contenido, sin necesidad de previo aviso, as\u00ed como de modificar la forma o tipo de acceso a esta.<br \/>Las posibles causas de modificaci\u00f3n pueden tener lugar, por motivos tales, como su adaptaci\u00f3n a las posibles novedades legislativas y cambios en la propia PLATAFORMA, as\u00ed como a las que se puedan derivar de los c\u00f3digos tipos existentes en la materia o por motivos estrat\u00e9gicos o corporativos.<br \/>\u201cRCAAA Noticias\u201d no ser\u00e1 responsable del uso de la PLATAFORMA por un menor de edad, siendo el uso de la PLATAFORMA de la exclusiva responsabilidad del usuario.<\/p><p><br \/>La PLATAFORMA se presta \u201ctal y como es\u201d y sin ninguna clase de garant\u00eda. \u201cRCAAA Noticias\u201d no se hace responsable de la calidad final de la PLATAFORMA ni de que \u00e9sta sirva y cumpla con todos los objetivos de la misma. No obstante lo anterior, \u201cRCAAA Noticias\u201d se compromete en la medida de sus posibilidades a contribuir a mejorar la calidad de la PLATAFORMA , pero no puede garantizar la precisi\u00f3n ni la actualidad del contenido de la misma. La responsabilidad de uso de la PLATAFORMA corresponde solo al usuario. Salvo lo establecido en estos T\u00e9rminos y Condiciones, \u201cRCAAA Noticias\u201d no es responsable de ninguna p\u00e9rdida o da\u00f1o que se produzca en relaci\u00f3n con el uso de la PLATAFORMA, tales como los producidos como consecuencia de fallos, aver\u00edas o bloqueos en el funcionamiento de la PLATAFORMA (por ejemplo, y sin car\u00e1cter limitativo: error en las l\u00edneas de comunicaciones, defectos en el hardware o software de la PLATAFORMA o fallos en la red de Internet). Igualmente, \u201cRCAAA Noticias\u201d tampoco ser\u00e1 responsable de los da\u00f1os producidos como consecuencia de un uso indebido o inadecuado de la PLATAFORMA por parte de los usuarios.<\/p>\t\t\t\t\t\t\t\t<\/div>\n\t\t\t\t<\/div>\n\t\t\t\t<div class=\"elementor-element elementor-element-65b0b40 elementor-widget elementor-widget-spacer\" data-id=\"65b0b40\" data-element_type=\"widget\" data-e-type=\"widget\" data-widget_type=\"spacer.default\">\n\t\t\t\t<div class=\"elementor-widget-container\">\n\t\t\t\t\t\t\t<div class=\"elementor-spacer\">\n\t\t\t<div class=\"elementor-spacer-inner\"><\/div>\n\t\t<\/div>\n\t\t\t\t\t\t<\/div>\n\t\t\t\t<\/div>\n\t\t\t\t\t<\/div>\n\t\t\t\t<\/div>\n\t\t\t\t<\/div>\n\t\t","protected":false},"excerpt":{"rendered":"<p>T\u00c9RMINOS Y CONDICIONES DE USO DE SITIO WEB Estos T\u00e9rminos y Condiciones regulan el acceso y utilizaci\u00f3n del sitio web (en adelante, la \u201cPLATAFORMA\u201d), que \u201cRCAAA Noticias\u201d ponen a disposici\u00f3n de los usuarios.Esta versi\u00f3n de la PLATAFORMA est\u00e1 disponible de forma gratuita.El acceso a la PLATAFORMA supone que el usuario reconoce ha aceptado y consentido [&hellip;]<\/p>\n","protected":false},"author":1,"featured_media":80,"parent":0,"menu_order":0,"comment_status":"closed","ping_status":"closed","template":"elementor_canvas","meta":{"footnotes":""},"class_list":["post-725","page","type-page","status-publish","has-post-thumbnail","hentry"],"rttpg_featured_image_url":{"full":["https:\/\/deepcontents.online\/demos\/noticias\/wp-content\/uploads\/2024\/02\/logo-rcaaan-e1708715412340.png",359,162,false],"landscape":["https:\/\/deepcontents.online\/demos\/noticias\/wp-content\/uploads\/2024\/02\/logo-rcaaan-e1708715412340.png",359,162,false],"portraits":["https:\/\/deepcontents.online\/demos\/noticias\/wp-content\/uploads\/2024\/02\/logo-rcaaan-e1708715412340.png",359,162,false],"thumbnail":["https:\/\/deepcontents.online\/demos\/noticias\/wp-content\/uploads\/2024\/02\/logo-rcaaan-e1708715412340-150x150.png",150,150,true],"medium":["https:\/\/deepcontents.online\/demos\/noticias\/wp-content\/uploads\/2024\/02\/logo-rcaaan-e1708715412340-300x135.png",300,135,true],"large":["https:\/\/deepcontents.online\/demos\/noticias\/wp-content\/uploads\/2024\/02\/logo-rcaaan-e1708715412340.png",359,162,false],"1536x1536":["https:\/\/deepcontents.online\/demos\/noticias\/wp-content\/uploads\/2024\/02\/logo-rcaaan-e1708715412340.png",359,162,false],"2048x2048":["https:\/\/deepcontents.online\/demos\/noticias\/wp-content\/uploads\/2024\/02\/logo-rcaaan-e1708715412340.png",359,162,false]},"rttpg_author":{"display_name":"Deepso","author_link":"https:\/\/deepcontents.online\/demos\/noticias\/index.php\/author\/deep\/"},"rttpg_comment":0,"rttpg_category":null,"rttpg_excerpt":"T\u00c9RMINOS Y CONDICIONES DE USO DE SITIO WEB Estos T\u00e9rminos y Condiciones regulan el acceso y utilizaci\u00f3n del sitio web (en adelante, la \u201cPLATAFORMA\u201d), que \u201cRCAAA Noticias\u201d ponen a disposici\u00f3n de los usuarios.Esta versi\u00f3n de la PLATAFORMA est\u00e1 disponible de forma gratuita.El acceso a la PLATAFORMA supone que el usuario reconoce ha aceptado y consentido&hellip;","_links":{"self":[{"href":"https:\/\/deepcontents.online\/demos\/noticias\/index.php\/wp-json\/wp\/v2\/pages\/725","targetHints":{"allow":["GET"]}}],"collection":[{"href":"https:\/\/deepcontents.online\/demos\/noticias\/index.php\/wp-json\/wp\/v2\/pages"}],"about":[{"href":"https:\/\/deepcontents.online\/demos\/noticias\/index.php\/wp-json\/wp\/v2\/types\/page"}],"author":[{"embeddable":true,"href":"https:\/\/deepcontents.online\/demos\/noticias\/index.php\/wp-json\/wp\/v2\/users\/1"}],"replies":[{"embeddable":true,"href":"https:\/\/deepcontents.online\/demos\/noticias\/index.php\/wp-json\/wp\/v2\/comments?post=725"}],"version-history":[{"count":13,"href":"https:\/\/deepcontents.online\/demos\/noticias\/index.php\/wp-json\/wp\/v2\/pages\/725\/revisions"}],"predecessor-version":[{"id":764,"href":"https:\/\/deepcontents.online\/demos\/noticias\/index.php\/wp-json\/wp\/v2\/pages\/725\/revisions\/764"}],"wp:featuredmedia":[{"embeddable":true,"href":"https:\/\/deepcontents.online\/demos\/noticias\/index.php\/wp-json\/wp\/v2\/media\/80"}],"wp:attachment":[{"href":"https:\/\/deepcontents.online\/demos\/noticias\/index.php\/wp-json\/wp\/v2\/media?parent=725"}],"curies":[{"name":"wp","href":"https:\/\/api.w.org\/{rel}","templated":true}]}}