{"id":393,"date":"2020-05-23T07:35:36","date_gmt":"2020-05-23T12:35:36","guid":{"rendered":"https:\/\/formasfinas.mx\/tienda\/?post_type=product&#038;p=393"},"modified":"2020-06-24T15:00:45","modified_gmt":"2020-06-24T20:00:45","slug":"bqeel-android-9-0-tv-box","status":"publish","type":"product","link":"https:\/\/deepcontents.online\/demos\/tienda\/product\/bqeel-android-9-0-tv-box\/","title":{"rendered":"Bqeel Android 9.0 TV Box"},"content":{"rendered":"<h3>Bqeel Android 9.0 TV Box 4GB RAM 32GB ROM, R1 Pro Android Box RK3318 Quad-Core Cortex-A53 64Bits, Dual-WiFi 2.4G \/ 5.0G, BT 4.0 Ultra HD 3D 4K H.265 USB 3.0 Smart TV Box.<\/h3>\n<p>&nbsp;<\/p>\n<ul>\n<li><span class=\"a-list-item\">Funciona con la \u00faltima versi\u00f3n actualizada de Android 9.0OS, RK3318 Quad-Core 64bit Cortex-A53 con Penta-Core Mali-450 Hasta 750Mhz +, le ofrece una velocidad de funcionamiento ultra r\u00e1pida, hace su caja m\u00e1s estable, confiable y m\u00e1s suave para cargar aplicaciones, pel\u00edculas y juegos sin almacenamiento en b\u00fafer.<\/span><\/li>\n<li><span class=\"a-list-item\">[4GB RAM + 32GB ROM] R1 Pro Android Box 9.0 4GB ram 32GB gran espacio para que pueda ejecutar m\u00e1s aplicaciones y juegos m\u00e1s r\u00e1pido, no m\u00e1s bloqueos, expanda la memoria hasta 128 GB a trav\u00e9s de una tarjeta SD adicional; Disco duro mec\u00e1nico USB extendido 2.5 \/ 3.5 pulgadas de hasta 2 TB de almacenamiento, mucho m\u00e1s espacio para su entretenimiento.<\/span><\/li>\n<li><span class=\"a-list-item\">[Dual-WiFi 2.4G \/ 5.0G y BT 4.0] R1 Pro TV Box Android tiene WiFi dual 2.4G \/ 5G y RJ45 Ethernet (100Mbps) aseguran un entorno de red m\u00e1s fuerte y estable. Admite mouse y teclado inal\u00e1mbricos de 2.4GHz; BT 4.0 permite la conexi\u00f3n inal\u00e1mbrica, como mouse, teclado y controlador para juegos y otros dispositivos habilitados para BT.<\/span><\/li>\n<li><span class=\"a-list-item\">[3D 4K H.265 TV BOX] R1 Pro Android 9.0 TV Box admite 4K x 2K hasta 60 fps, tambi\u00e9n puedes disfrutar del cine en 3D en casa, basado en la tecnolog\u00eda de decodificaci\u00f3n H.265 HD que puede ahorrar un 50% de los recursos de ancho de banda que H .264, puedes ver pel\u00edculas con fluidez.<\/span><\/li>\n<li><span class=\"a-list-item\">[Interfaces de variedad y servicio de 12 meses] Equipado con 1 * puerto USB 3.0 que es 10 veces m\u00e1s r\u00e1pido que USB 2.0; 1 * USB 2.0 admite mouse, teclado y mouse y teclado inal\u00e1mbricos de 2.4GHz a trav\u00e9s de un dongle USB de 2.4GHz; Ampliaci\u00f3n de la tarjeta TF; Nos esforzamos por ofrecer a nuestros clientes los productos m\u00e1s calificados y el mejor servicio. Si tiene alguna pregunta, no dude en contactarnos.<\/span><\/li>\n<li>Peso del env\u00edo: 399 g.<\/li>\n<li>Referencia del fabricante: MX-TV BOX-2<\/li>\n<li>Peso del env\u00edo 399 g.<\/li>\n<\/ul>\n","protected":false},"excerpt":{"rendered":"<h2 id=\"title\" class=\"a-size-large a-spacing-none\"><span id=\"productTitle\" class=\"a-size-large\">Bqeel Android 9.0 TV Box<\/span><\/h2>\n<p class=\"a-size-large a-spacing-none\"><span id=\"productTitle\" class=\"a-size-large\">4GB RAM 32GB ROM, R1 Pro Android Box RK3318 Quad-Core Cortex-A53 64Bits, Dual-WiFi 2.4G \/ 5.0G, BT 4.0 Ultra HD 3D 4K H.265 USB 3.0 Smart TV Box.<\/span><\/p>\n<p>https:\/\/www.youtube.com\/watch?v=EQ_Tw-NT6Co<\/p>\n<p style=\"text-align: left;\">Entrega Gratis.<br \/>\nGarant\u00eda de 25 d\u00edas.<br \/>\nDevoluci\u00f3n sin costo.<br \/>\nEL ART\u00cdCULO ACEPTA CUP\u00d3N DE DESCUENTO.<\/p>\n<p style=\"text-align: left;\"><img decoding=\"async\" class=\"size-full wp-image-456 alignnone\" src=\"https:\/\/deepcontents.online\/demos\/tienda\/wp-content\/uploads\/2020\/05\/QC-Color-125px.png\" alt=\"\" width=\"125\" height=\"148\" \/><\/p>\n","protected":false},"featured_media":398,"comment_status":"open","ping_status":"closed","template":"","meta":{"neve_meta_sidebar":"","neve_meta_container":"","neve_meta_enable_content_width":"off","neve_meta_content_width":0,"neve_meta_title_alignment":"","neve_meta_author_avatar":"","neve_post_elements_order":"","neve_meta_disable_header":"","neve_meta_disable_footer":"","neve_meta_disable_title":""},"product_brand":[],"product_cat":[23],"product_tag":[],"class_list":{"0":"post-393","1":"product","2":"type-product","3":"status-publish","4":"has-post-thumbnail","6":"product_cat-video","8":"first","9":"instock","10":"purchasable","11":"product-type-simple"},"_links":{"self":[{"href":"https:\/\/deepcontents.online\/demos\/tienda\/wp-json\/wp\/v2\/product\/393","targetHints":{"allow":["GET"]}}],"collection":[{"href":"https:\/\/deepcontents.online\/demos\/tienda\/wp-json\/wp\/v2\/product"}],"about":[{"href":"https:\/\/deepcontents.online\/demos\/tienda\/wp-json\/wp\/v2\/types\/product"}],"replies":[{"embeddable":true,"href":"https:\/\/deepcontents.online\/demos\/tienda\/wp-json\/wp\/v2\/comments?post=393"}],"wp:featuredmedia":[{"embeddable":true,"href":"https:\/\/deepcontents.online\/demos\/tienda\/wp-json\/wp\/v2\/media\/398"}],"wp:attachment":[{"href":"https:\/\/deepcontents.online\/demos\/tienda\/wp-json\/wp\/v2\/media?parent=393"}],"wp:term":[{"taxonomy":"product_brand","embeddable":true,"href":"https:\/\/deepcontents.online\/demos\/tienda\/wp-json\/wp\/v2\/product_brand?post=393"},{"taxonomy":"product_cat","embeddable":true,"href":"https:\/\/deepcontents.online\/demos\/tienda\/wp-json\/wp\/v2\/product_cat?post=393"},{"taxonomy":"product_tag","embeddable":true,"href":"https:\/\/deepcontents.online\/demos\/tienda\/wp-json\/wp\/v2\/product_tag?post=393"}],"curies":[{"name":"wp","href":"https:\/\/api.w.org\/{rel}","templated":true}]}}