{"id":509,"date":"2020-05-31T00:32:38","date_gmt":"2020-05-31T05:32:38","guid":{"rendered":"https:\/\/formasfinas.mx\/tienda\/?post_type=product&#038;p=509"},"modified":"2020-06-16T13:06:37","modified_gmt":"2020-06-16T18:06:37","slug":"cepillo-para-polvo-electrico-impermeable-para-la-piel-y-el-cuerpo","status":"publish","type":"product","link":"https:\/\/deepcontents.online\/demos\/tienda\/product\/cepillo-para-polvo-electrico-impermeable-para-la-piel-y-el-cuerpo\/","title":{"rendered":"Cepillo para polvo el\u00e9ctrico impermeable para la piel y el cuerpo"},"content":{"rendered":"<h2>Cepillo para polvo el\u00e9ctrico impermeable para la piel y el cuerpo, cepillo para polvo giratorio port\u00e1til, estuche de viaje, limpieza profunda de los poros, exfoliaci\u00f3n suave y elimina el acn\u00e9 de puntos negros con 4 cabezales lavables, Verde.<\/h2>\n<p>&nbsp;<\/p>\n<p>Sistema de limpieza facial 4 en 1: 4 cabezales de cepillo para polvo incluyen un cepillo para polvo exfoliante, un cepillo para polvo de limpieza suave, una esponja suave y un cepillo para polvo de silicona. Adecuado para todos los tipos de piel y satisfacer todas tus necesidades de limpieza facial.<\/p>\n<ul>\n<li>2 velocidades con potente giro giratorio: elige libremente entre el uso diario de limpieza profunda y exfoliaci\u00f3n suave.<\/li>\n<li>Port\u00e1til y pr\u00e1ctico: viene con una caja de almacenamiento compacta, puedes llevarlo contigo mientras viajas o utilizarlo en casa.<\/li>\n<li>Dise\u00f1o resistente al agua: IPX6 resistente al agua en la ducha. No sumergir completamente en agua.<\/li>\n<li>Elimina eficazmente la cut\u00edcula envejecida, hace que la piel sea exquisita y suave.<\/li>\n<li>Elimina la suciedad de la piel, absorbe eficazmente la suciedad en la grasa de la piel.<\/li>\n<li>Reduce eficazmente los poros, aprieta la piel, anti edad.<\/li>\n<\/ul>\n<p>&nbsp;<\/p>\n<h3>Funciones de los cabezales de cepillo para polvo<\/h3>\n<ul>\n<li>Cepillo exfoliante para limpieza profunda: limpia profundamente la suciedad y elimina las c\u00e9lulas muertas de la piel para promover los poros m\u00e1s limpios de forma natural.<\/li>\n<li>Cepillo de limpieza suave para una limpieza suave: limpia profundamente el aceite y el maquillaje residual para revelar una tez natural y m\u00e1s brillante para mantenerte brillante.<\/li>\n<li>Cepillo de silicona para limpieza de piel seca y sensible. Limpia y cuida suavemente tu piel.<\/li>\n<li>Esponja suave para aplicaci\u00f3n de base en polvo, crema o l\u00edquido. Adecuado para todo tipo de piel.<\/li>\n<\/ul>\n<p>&nbsp;<\/p>\n<h3>C\u00f3mo se utiliza:<\/h3>\n<ul>\n<li>Primero, enjuague su cara con abundante agua y deje la piel h\u00fameda<\/li>\n<li>A continuaci\u00f3n, aplique un poco de su limpiador facial o gel habitual, encienda el cepillo para polvo y comience a moverlo suavemente sobre toda la cara en movimientos circulares.<\/li>\n<li>Mover el cepillo para polvo en c\u00edrculos peque\u00f1os con presi\u00f3n ligera, comenzar con las mejillas, luego moverse a la nariz, la barbilla y, por \u00faltimo, la frente.<\/li>\n<li>Mant\u00e9n el cepillo para polvo en cada \u00e1rea de la cara durante unos segundos para asegurarte de que el aceite acumulado y la suciedad se limpien.<\/li>\n<li>Una vez terminado, enjuaga la cara con abundante agua de nuevo y seca con una toalla suave y limpia.<\/li>\n<li>Es aconsejable cambiar la cabeza aproximadamente cada 3 meses.<\/li>\n<\/ul>\n<p>&nbsp;<\/p>\n<h3>Incluye:<\/h3>\n<ul>\n<li>1 cepillo para polvo facial.<\/li>\n<li>1 cepillo para polvo exfoliante.<\/li>\n<li>1 cepillo para polvo de limpieza suave.<\/li>\n<li>1 cepillo para polvo de silicona.<\/li>\n<li>1 esponja suave.<\/li>\n<li>1 funda de viaje.<\/li>\n<\/ul>\n<p>&nbsp;<\/p>\n<h3>NOTA<\/h3>\n<p>Para garantizar que puedas obtener el mejor efecto, no presiones el cepillo para polvo demasiado duro sobre la piel.<br \/>\nFunciona con 2 pilas AA (no incluidas). Utiliza pilas alcalinas.<\/p>\n","protected":false},"excerpt":{"rendered":"<h3>Cepillo para polvo el\u00e9ctrico impermeable para la piel y el cuerpo, cepillo para polvo giratorio port\u00e1til, estuche de viaje, limpieza profunda de los poros, exfoliaci\u00f3n suave y elimina el acn\u00e9 de puntos negros con 4 cabezales lavables, Verde.<\/h3>\n<p>Elimina eficazmente la decoloraci\u00f3n, el acn\u00e9, los puntos negros, hace que la piel sea suave y delicada.<\/p>\n<p>Entrega Gratis.<br \/>\nGarant\u00eda de 25 d\u00edas.<br \/>\nDevoluci\u00f3n sin costo.<br \/>\nEL ART\u00cdCULO ACEPTA CUP\u00d3N DE DESCUENTO<\/p>\n<p><img decoding=\"async\" class=\"alignnone size-full wp-image-456\" src=\"https:\/\/deepcontents.online\/demos\/tienda\/wp-content\/uploads\/2020\/05\/QC-Color-125px.png\" alt=\"\" width=\"125\" height=\"148\" \/><\/p>\n","protected":false},"featured_media":513,"comment_status":"open","ping_status":"closed","template":"","meta":{"neve_meta_sidebar":"","neve_meta_container":"","neve_meta_enable_content_width":"off","neve_meta_content_width":0,"neve_meta_title_alignment":"","neve_meta_author_avatar":"","neve_post_elements_order":"","neve_meta_disable_header":"","neve_meta_disable_footer":"","neve_meta_disable_title":""},"product_brand":[],"product_cat":[24],"product_tag":[],"class_list":{"0":"post-509","1":"product","2":"type-product","3":"status-publish","4":"has-post-thumbnail","6":"product_cat-cuidado-personal","8":"first","9":"outofstock","10":"taxable","11":"shipping-taxable","12":"purchasable","13":"product-type-simple"},"_links":{"self":[{"href":"https:\/\/deepcontents.online\/demos\/tienda\/wp-json\/wp\/v2\/product\/509","targetHints":{"allow":["GET"]}}],"collection":[{"href":"https:\/\/deepcontents.online\/demos\/tienda\/wp-json\/wp\/v2\/product"}],"about":[{"href":"https:\/\/deepcontents.online\/demos\/tienda\/wp-json\/wp\/v2\/types\/product"}],"replies":[{"embeddable":true,"href":"https:\/\/deepcontents.online\/demos\/tienda\/wp-json\/wp\/v2\/comments?post=509"}],"wp:featuredmedia":[{"embeddable":true,"href":"https:\/\/deepcontents.online\/demos\/tienda\/wp-json\/wp\/v2\/media\/513"}],"wp:attachment":[{"href":"https:\/\/deepcontents.online\/demos\/tienda\/wp-json\/wp\/v2\/media?parent=509"}],"wp:term":[{"taxonomy":"product_brand","embeddable":true,"href":"https:\/\/deepcontents.online\/demos\/tienda\/wp-json\/wp\/v2\/product_brand?post=509"},{"taxonomy":"product_cat","embeddable":true,"href":"https:\/\/deepcontents.online\/demos\/tienda\/wp-json\/wp\/v2\/product_cat?post=509"},{"taxonomy":"product_tag","embeddable":true,"href":"https:\/\/deepcontents.online\/demos\/tienda\/wp-json\/wp\/v2\/product_tag?post=509"}],"curies":[{"name":"wp","href":"https:\/\/api.w.org\/{rel}","templated":true}]}}