{"id":550,"date":"2020-06-03T21:30:37","date_gmt":"2020-06-04T02:30:37","guid":{"rendered":"https:\/\/formasfinas.mx\/tienda\/?post_type=product&#038;p=550"},"modified":"2022-08-26T22:01:18","modified_gmt":"2022-08-27T03:01:18","slug":"adata-batdat080-pt100","status":"publish","type":"product","link":"https:\/\/deepcontents.online\/demos\/tienda\/product\/adata-batdat080-pt100\/","title":{"rendered":"ADATA BANCO DE LIMENTACION BATDAT080 Pt100"},"content":{"rendered":"<h3>ADATA BATDAT080 Pt100 &#8211; Banco de alimentaci\u00f3n, 10000 Mah, Negro, 1 Unidad.<\/h3>\n<ul>\n<li>Ofrece una carga de alta capacidad de 10000 mAh a trav\u00e9s de dos salidas USB, suficiente para hasta 3.7 cargas completas para un iPhone, y cargos por un iPad Mini.<\/li>\n<li>Se apaga autom\u00e1ticamente cuando est\u00e1 desconectado del dispositivo, cuando el dispositivo est\u00e1 completamente cargado o cuando est\u00e1 inactivo durante 20 segundos.<\/li>\n<li>Comienza a cargar autom\u00e1ticamente sin necesidad de presionar un bot\u00f3n y un indicador de nivel de potencia LED muestra cu\u00e1nta energ\u00eda queda.<\/li>\n<li>Tiene un dise\u00f1o de f\u00e1cil agarre y funciona como una linterna LED con cuatro modos de iluminaci\u00f3n.<\/li>\n<\/ul>\n<p>&nbsp;<\/p>\n<h3>Informaci\u00f3n de producto<\/h3>\n<h5>Especificaciones t\u00e9cnicas<\/h5>\n<ul>\n<li>Peso del producto 286 g.<\/li>\n<li>Dimensiones del producto 14 x 6.4 x 2 cm.<\/li>\n<li>Pilas: 2 Lithium Polymer necesaria(s), incluida(s).<\/li>\n<li>N\u00famero de modelo del producto APT100-10000M-5V-CBKGR.<\/li>\n<li>Caracter\u00edsticas especiales Alcance de temperatura operativa: 0 &#8211; 40 \u00b0C, Built-in flashlight.<\/li>\n<li>Charger compatibility: Tel\u00e9fono m\u00f3vil\/smartphone, Tablet, MP3\/MP4, GPS.<\/li>\n<li>Lector de libros electr\u00f3nicos.<\/li>\n<li>Desconexi\u00f3n autom\u00e1tica: Si.<\/li>\n<li>Indicadores LED.<\/li>\n<li>Interruptor de encendido\/apagado integrado.<\/li>\n<li>Peso: 286 g.<\/li>\n<li>Color: Negro.<\/li>\n<li>Qu\u00e9 contiene la caja: Powerbank Pt100 &#8211; 10000 Mah.<\/li>\n<\/ul>\n","protected":false},"excerpt":{"rendered":"<h3>ADATA BATDAT080 Pt100 &#8211; Banco de alimentaci\u00f3n, 10000 Mah, Negro, 1 Unidad.<\/h3>\n<p>Entrega Gratis.<br \/>\nGarant\u00eda de 25 d\u00edas.<br \/>\nDevoluci\u00f3n sin costo.<br \/>\nEL ART\u00cdCULO ACEPTA CUP\u00d3N DE DESCUENTO.<\/p>\n<p><img decoding=\"async\" class=\"alignnone size-full wp-image-456\" src=\"https:\/\/deepcontents.online\/demos\/tienda\/wp-content\/uploads\/2020\/05\/QC-Color-125px.png\" alt=\"\" width=\"125\" height=\"148\" \/><\/p>\n","protected":false},"featured_media":556,"comment_status":"open","ping_status":"closed","template":"","meta":{"neve_meta_sidebar":"","neve_meta_container":"","neve_meta_enable_content_width":"off","neve_meta_content_width":0,"neve_meta_title_alignment":"","neve_meta_author_avatar":"","neve_post_elements_order":"","neve_meta_disable_header":"","neve_meta_disable_footer":"","neve_meta_disable_title":""},"product_brand":[],"product_cat":[32,33,23],"product_tag":[],"class_list":{"0":"post-550","1":"product","2":"type-product","3":"status-publish","4":"has-post-thumbnail","6":"product_cat-audio","7":"product_cat-computo","8":"product_cat-video","10":"first","11":"instock","12":"taxable","13":"shipping-taxable","14":"purchasable","15":"product-type-simple"},"_links":{"self":[{"href":"https:\/\/deepcontents.online\/demos\/tienda\/wp-json\/wp\/v2\/product\/550","targetHints":{"allow":["GET"]}}],"collection":[{"href":"https:\/\/deepcontents.online\/demos\/tienda\/wp-json\/wp\/v2\/product"}],"about":[{"href":"https:\/\/deepcontents.online\/demos\/tienda\/wp-json\/wp\/v2\/types\/product"}],"replies":[{"embeddable":true,"href":"https:\/\/deepcontents.online\/demos\/tienda\/wp-json\/wp\/v2\/comments?post=550"}],"wp:featuredmedia":[{"embeddable":true,"href":"https:\/\/deepcontents.online\/demos\/tienda\/wp-json\/wp\/v2\/media\/556"}],"wp:attachment":[{"href":"https:\/\/deepcontents.online\/demos\/tienda\/wp-json\/wp\/v2\/media?parent=550"}],"wp:term":[{"taxonomy":"product_brand","embeddable":true,"href":"https:\/\/deepcontents.online\/demos\/tienda\/wp-json\/wp\/v2\/product_brand?post=550"},{"taxonomy":"product_cat","embeddable":true,"href":"https:\/\/deepcontents.online\/demos\/tienda\/wp-json\/wp\/v2\/product_cat?post=550"},{"taxonomy":"product_tag","embeddable":true,"href":"https:\/\/deepcontents.online\/demos\/tienda\/wp-json\/wp\/v2\/product_tag?post=550"}],"curies":[{"name":"wp","href":"https:\/\/api.w.org\/{rel}","templated":true}]}}